d?
3
Let u(i) = -25*i - 27. What is the units digit of u(-35)?
8
Let u = 267 - -11. Let b = u + -155. What is the tens digit of b?
2
Suppose j - y = 2*j, 3*y + 8 = 5*j. Let g be (-16)/(j*(-4)/8). Suppose -3*c = -6*c + 4*r + 16, 3*c + 4*r = g. What is the units digit of c?
8
Let b(p) = 4*p**3 - 4*p**2 + 19*p - 39. What is the hundreds digit of b(5)?
4
Let o be 112/7*3/6. Suppose -3*h - 215 = -o*h. What is the units digit of h?
3
Let p = 9 + -14. Let k(g) = -2*g**3 - 3*g**2 + 3*g - 1. Let v be k(p). Suppose -5*y + 46 = d, 4*y + y = 4*d - v. What is the units digit of d?
1
Let y = -830 + 1166. Suppose -8 = -4*b, b - y + 9 = -5*c. What is the units digit of c?
5
Suppose 24 = 4*i + m - 0, -2*i = m - 10. Let c = i - 8. What is the tens digit of 0/c - (-52)/2?
2
Let v(r) = -57 + 54 - 47 - 7*r. What is the tens digit of v(-23)?
1
Let d be (100 - (1 + -2))/(18/18). Let o = d + -73. What is the tens digit of o?
2
Let u = -63 + 119. Let p be ((-25)/10 - -4) + 276/8. Suppose c - 3*t = -0*c + u, -t + p = c. What is the tens digit of c?
4
Suppose 2*j - 216 = -5*t - 51, -4*t + 2*j + 132 = 0. Suppose t*s - 32*s + 12 = 0. Let k = s - -73. What is the units digit of k?
1
Suppose -137 = -f - 3*b, 1 - 21 = 5*b. What is the units digit of f?
9
What is the units digit of (1299/12)/(-6 + (-343)/(-56))?
6
Let k = 30 - 11. Suppose 14*l + 15 = k*l. Suppose -l*b - 153 = -6*b. What is the tens digit of b?
5
Let v be ((-2)/4)/(1/788). Let i = 695 + v. What is the hundreds digit of i?
3
Let o = -213 - -590. What is the hundreds digit of o?
3
Let h(t) = -2512*t**3 + 5*t**2 + 6*t. What is the units digit of h(-1)?
1
What is the hundreds digit of 1356/(-3 + 7) + 5?
3
Suppose -u - 15 = -4*u. Let o(t) = -t**3 + 6*t**2 - 7*t + 4. Let l be o(u). What is the tens digit of (0 + -3)*28/l?
1
Let q = 53 - 33. Let z = 22 + q. What is the units digit of z?
2
Suppose 0 = 29*c - 27*c + 198. Let q = c + 118. What is the tens digit of q?
1
Suppose 0 = -4*k + 3*k + 127. Suppose 0 = -2*l + k + 193. Suppose -4*m + 200 = 5*j, -5*m - l = -4*j - 2*m. What is the units digit of j?
0
Suppose 0*j + 3*j - 6 = 0. Suppose 7*u - j*u = 20. Suppose 0*s - 5*y = -4*s + 63, -u*s - 4*y + 72 = 0. What is the tens digit of s?
1
Let j(m) = -m**3 - 2*m**2 + m - 1. Let z be (-44)/10 - 9/15. Let y be j(z). Suppose -2*i + 5*i - y = 0. What is the tens digit of i?
2
Let h be (-18)/27 + (-20)/6. Let d = h - -4. Suppose -36 = -d*u - u. What is the units digit of u?
6
Suppose -2*t = 2*t - 32. Suppose 0 = -3*z - 5*x + 71, -z + 2*x + 28 + 3 = 0. Let y = z - t. What is the units digit of y?
9
Let p(k) = 3 + 2 + 0 - 61*k + 62*k. What is the tens digit of p(13)?
1
Let p be -6*2/(-3) - -69. What is the tens digit of p/(-2)*(5 + -7)?
7
Let a(p) = -4*p - 39. Let u(n) = -n + 1. Let f(c) = a(c) + 3*u(c). What is the units digit of f(-12)?
8
What is the units digit of 10 - (20 - 4) - (0 + -1374)?
8
Suppose 2*q - 8 = -2. Let u(b) be the third derivative of 7*b**4/24 + b**3 + 3*b**2. What is the tens digit of u(q)?
2
Let f(u) = 2*u**2 - 6*u + 5*u + 4*u. Let y be f(-2). Suppose 0 = -w - y*w + 9. What is the units digit of w?
3
Let h(k) = -k**3 - 7*k**2 + 9*k - 29. What is the hundreds digit of h(-12)?
5
Suppose -m + 1273 + 423 = 0. What is the units digit of m?
6
Suppose 9*i = 10*i - 28. Let l = i - 18. What is the units digit of 5*(1 - (-112)/l)?
1
Let q(d) = -2 + 5*d**2 - d**3 - 3 - 1 + 1. Let c be q(6). Let z = -15 - c. What is the units digit of z?
6
Suppose 0 = -11*k + 32 + 265. What is the tens digit of k?
2
What is the hundreds digit of (142/8)/(17/1564)?
6
Let c be 21*(-7)/(147/(-18)). Let m be (-24)/18*c/(-4). What is the tens digit of (-103)/(-5) + m/(-10)?
2
Let g(m) be the third derivative of -m**4/24 - 2*m**3 + 4*m**2. Let r be g(-12). Suppose 10 = -5*o, r = -2*a + 5*a + o - 97. What is the units digit of a?
3
Let c(m) = -2*m**3 + 2*m**2 - 13*m + 14. Let w be c(7). Let k = w + 968. What is the hundreds digit of k?
3
Let m be 216/30 + 2/(-10). Suppose -127 - 433 = -m*c. What is the tens digit of c?
8
Suppose q - 5*h = -487 + 1353, 5*q - 4384 = -2*h. What is the tens digit of q?
7
Let t(y) = -2*y - 3*y + 7*y + 1 + 0*y. Let k be t(2). Suppose -k*w + 5 = -0. What is the units digit of w?
1
Suppose -3*n + 8*n + 726 = 2*g, n = -5*g + 1815. Let c = -244 + g. What is the hundreds digit of c?
1
Let f(s) = s**2 - 3*s + 5. Let j be 44/6*3/2. What is the units digit of f(j)?
3
Let l(c) = -5 + 6*c**2 + 6 - 4*c - c**3 + 2. Let j be l(2). Suppose 26 = -9*i + j*i. What is the tens digit of i?
1
Let t = -602 - -564. Let h(o) = o**2 - 10*o + 9. Let s be h(6). Let j = s - t. What is the tens digit of j?
2
Suppose -6*i + 3*i = 4*q - 1870, 0 = 2*q + 10. What is the units digit of i?
0
Let q = -710 + 1199. What is the tens digit of q?
8
Let j(v) = 2*v**2 - 17*v + 12. Let h be j(9). Suppose h = -6*n + 249. What is the units digit of n?
8
Suppose 360 = w + 3*w. Let z(f) = 13*f - 2. Let u be z(-3). Let i = u + w. What is the tens digit of i?
4
Let z(p) = 4*p**3 - 12*p**2 + 69*p - 5. What is the hundreds digit of z(7)?
2
Let c = -19 + 4. Let y = c - -26. Suppose 2*h - 59 = -4*q - y, -5*h - 5*q = -110. What is the units digit of h?
0
Let h be 1/((-5)/15*-1). Suppose -9 = -4*r + h. Suppose t + r*a - 6*a - 42 = 0, 5*t = 4*a + 199. What is the tens digit of t?
3
Let m = 252 + -109. What is the tens digit of m?
4
Let n(p) = 0*p - 1 - 8*p - p. Let z be n(1). Let r = 12 + z. What is the units digit of r?
2
Let p = -637 - -1408. What is the tens digit of p?
7
What is the hundreds digit of (-18)/(-144) - (3583/8)/(-1)?
4
Suppose 2*r - 3 - 5 = 0. Suppose -r*y + 5*a - 2 = 0, 0 = -4*y - 2*a - 3 - 13. What is the tens digit of 282/(-9)*y/2?
4
Suppose 4*f + 22 = 6. Let r = 98 - f. What is the units digit of r?
2
Suppose p - 137 = -v, -5*p = -5*v - 0*v - 735. Let g = 10 - p. What is the tens digit of g/(-5) - 6/15?
2
Let o = -8 + 28. Suppose 0 = -3*n + 4*n - o. Let a = n - 8. What is the units digit of a?
2
Let n(g) = 7*g**2 - 3*g - 5. Let w be n(-6). Let d = -143 + w. What is the hundreds digit of d?
1
Suppose 26*x - 24*x = 948. What is the tens digit of x?
7
Let q = -211 - -401. Suppose 0*s - 5*s + q = 0. What is the tens digit of s?
3
Let n(k) = -2*k - 4 - 4*k + 0. Let t be n(4). Let v = 57 + t. What is the units digit of v?
9
Let t = -4 + 2. Suppose 4*a = 139 - 147. What is the units digit of t/(((-8)/(-54))/a)?
7
What is the thousands digit of (11 - (-1414)/(-126)) + (-46822)/(-18)?
2
Let v be 0 + (-4 - (-28)/4). What is the tens digit of 51/((0 - v) + 4)?
5
Let l(q) be the second derivative of 0 + 7*q + 29/2*q**2 - 1/12*q**4 + 1/6*q**3. What is the units digit of l(0)?
9
Suppose 2*t - 27 = 79. What is the units digit of t?
3
Suppose -2*d = -3*h - 2684, -12*d + 7*d = h - 6693. What is the units digit of d?
9
Let q = 1087 - -5. What is the units digit of q?
2
Let k(g) = -34*g - 210. What is the tens digit of k(-7)?
2
Suppose 4*r + w + 0*w - 74 = 0, 8 = 4*w. Let v be 3*10*3/r. Suppose -v*a + 2*t = -148, 2*t = -2*a - 0*t + 62. What is the tens digit of a?
3
Let b be 0 - (-1)/((-4)/12). Let q be 1/(22/(-8) - b). Suppose 0*d - 3*d + 25 = u, -12 = -4*d + q*u. What is the units digit of d?
7
Suppose -5*z - 5*a + 575 = -3*z, -2*a - 853 = -3*z. Suppose 131 + z = 2*p. What is the tens digit of p?
0
Let c = 2 + 0. Let l be 4 - (-3 - c - -4). Let i = 12 - l. What is the units digit of i?
7
Suppose 0 = 2*j - m - 1770, -2*m = 4 + 4. What is the tens digit of j?
8
Suppose -2*t - 15 = -7*t. Let b be (23*(-2)/(-2))/(-19 - -20). Suppose -t*r + b = -10. What is the tens digit of r?
1
Suppose r = 5*g - 4*r - 30, -8 = 4*g + 4*r. Suppose -g = 2*v - 6. Suppose 5*s - 2*s = -3*q + 99, 3*q = -v*s + 66. What is the units digit of s?
3
Let t(q) = -1269*q**2 + q. Let a be t(-1). What is the hundreds digit of a/(-8) + (-1)/(-4 - 0)?
1
Let k(t) = -t + 10*t - 4*t - 5 - t**2. Let l be k(4). What is the tens digit of (l - -2)/((-1)/(-21))?
2
Suppose -z + f + 13 = -2*f, 0 = -z - 4*f + 13. Let g = z - -37. What is the tens digit of g?
5
Let b = 991 - 715. What is the hundreds digit of b?
2
Let g(k) = -k**2 + 5*k - 3. Let r = -19 + 21. Let l be g(r). Suppose -4*t = 4, 0*j - 217 = -l*j + t. What is the units digit of j?
2
Let x be 4*(-1 - (-39)/12) - 3. What is the tens digit of 424/x - 2